ppose -2*i - 6 = -3*i - k, 5*i - 5*k = -10. Let b(m) = -2 + 2*m + m**3 - m + m - i*m**3. Give b(2).
-6
Let k(p) be the second derivative of -p**5/20 - p**4/2 - 2*p**3/3 + 2*p**2 + 23*p. Determine k(-5).
-1
Suppose -10 = -4*h + 2. Let v = h - 0. Let y(m) = 2*m + 6 - 1 - 3*m - 4. Give y(v).
-2
Let k(t) be the second derivative of -t**4/6 - t**3/3 + 2*t**2 - 4*t. What is k(-3)?
-8
Let h(o) be the first derivative of -o**3/3 + 3*o**2 - 3*o + 19. Give h(6).
-3
Let c(m) be the third derivative of -m**5/60 - m**4/8 + 2*m**3/3 + 9*m**2. Let i = 5 - 10. Give c(i).
-6
Let b(u) = -17*u + 13. Let o(q) = 4*q - 3. Let h be (4 + (1 - 1))/2. Let g(w) = h*b(w) + 9*o(w). Determine g(2).
3
Let y be (-14)/21 - 8/(-3). Let i(c) = y*c**2 - 2*c + 3 + 2*c + 0*c + 3*c. Calculate i(-2).
5
Suppose o + 7 = -0. Let n = -6 - o. Suppose 2*r - 3*r + n = 0. Let y(k) = -6*k + 1. Give y(r).
-5
Let h(d) = -2*d + 8. Let y(s) = -3*s + 8. Let r(w) = 5*h(w) - 4*y(w). Determine r(-4).
0
Let a be (-4 - -2)*(-3)/(-2). Let v(k) be the second derivative of -k**3/3 + k**2/2 - 8*k + 4. Calculate v(a).
7
Suppose 2*v = -o + v + 4, o - v = 0. Let g(d) = 2*d - 2. Let n be g(o). Let t(r) = 2*r**2 - r. Determine t(n).
6
Suppose -2*s + s + 1 = 0. Let h(n) = 4*n. Give h(s).
4
Let a(r) = 7*r + 17. Let k(g) = 4*g + 9. Let s = 14 + -3. Let t(j) = s*k(j) - 6*a(j). Give t(-3).
-9
Let u(k) = 2*k**2 + 3*k + 2. Let r(n) = 2*n - 37. Let i be r(17). Calculate u(i).
11
Let s(c) = c**3 - 4*c + 0*c + 8*c - 5*c**2 - 2. What is s(2)?
-6
Let w(c) = c**3 + c**2 - 5*c - 3. Suppose 0 = 9*j + 2*j + 33. What is w(j)?
-6
Let t(m) = m + 6. Suppose 2*h + 13 = -2*o - 9, 9 = -4*o + 3*h. Let j be t(o). Let n(z) = -z**3 + 2*z**2 + 0*z**3 - z**2. Determine n(j).
0
Let v = -8 - -12. Suppose -x - 2 = x, -v*u - 3*x = -9. Let o = -9 + u. Let s(n) = n**3 + 7*n**2 + 7*n + 3. What is s(o)?
-3
Let f(d) = d - 5. Let r be f(6). Let x = r + 0. Let u(z) be the second derivative of z**4/2 + 4*z + 3. Determine u(x).
6
Suppose 0 = f + 3 - 6. Let a(g) = f*g + 0*g - 4*g. Give a(-4).
4
Let k = 61 + -61. Let z(j) be the first derivative of k*j + 1/4*j**4 + 3 - 1/2*j**2 - 1/3*j**3. Determine z(0).
0
Let n(h) = h**2 - 7*h + 4. Let s(i) = -i**2 - i + 3. Let w be s(0). Let j = 3 + w. What is n(j)?
-2
Let h(c) = -c**2 - c - 1. Let a be -1 + -2 - (16 + -17). What is h(a)?
-3
Let k(n) = -n**2 - n - 1. Let u(a) = 3*a**2 + 8*a + 5. Let r(o) = 4*k(o) + u(o). Let b = 9 - 5. Let l = b - 0. Give r(l).
1
Let n be 0 + (9 - -1) + 2. Suppose 2 = x + j, x - 7*j = -3*j + n. Let h(p) be the third derivative of p**4/24 - 19*p**2. Determine h(x).
4
Suppose 0*a - 24 = -2*a. Let s = -14 + a. Let z(h) be the first derivative of h**4/2 + h**3 + h**2 + 2*h - 1. Calculate z(s).
-6
Let z be (0 - (-1 - 1))*-1. Let l = -4 + z. Let w(t) = t**2 + 5*t + 1. Determine w(l).
7
Suppose -17*b + 30 = -14*b. Let n(f) = f - 30 + b + 33. Calculate n(-6).
7
Let l = 12 + -20. Let o(c) = c**2 + 9*c + 9. Give o(l).
1
Let y(b) be the third derivative of 0 - 1/12*b**5 - 1/120*b**6 + b**2 + 1/2*b**3 + 0*b - 1/24*b**4. Suppose 3*t - 50 = 13*t. What is y(t)?
8
Let d(i) = -i - 32. Let k be d(-33). Let l(o) = -2*o + 0*o**2 + 3*o**2 + o + 1. Calculate l(k).
3
Let x(n) = -5*n - 1. Let b(u) = 1 - 1 + u. Let y be 1*-2*(-7)/(-14). Let s(t) = y*x(t) - 6*b(t). Give s(-3).
4
Let c(k) be the first derivative of -k**3/3 + 5*k**2/2 + 2*k + 31. Calculate c(4).
6
Let d(x) be the second derivative of -2*x**3/3 + x**2 + 9*x. What is d(3)?
-10
Let t(r) = 2*r + 7. Let w be t(-6). Let o(y) = 4. Let c(d) = d - 16. Let l(j) = -c(j) - 4*o(j). Determine l(w).
5
Let v(m) = 2*m**2 + 10*m + 9. Let q be v(-6). Let y(x) = -q + 11 + 1 - x. What is y(-6)?
-3
Let r(n) = -n**2 - 11*n - 13. Suppose 9 = -2*z - 11. Determine r(z).
-3
Let l(w) = -w + 3. Let y(x) = -3*x - 6. Let q be y(-4). Determine l(q).
-3
Let d(s) = -3*s**2 + 3*s. Let i(y) = y + 1. Let l = -3 + 2. Let t(j) = l*d(j) + i(j). Calculate t(1).
2
Suppose -i = 4*i. Let t(c) be the second derivative of c**6/360 - c**4/3 + c**3/3 - 3*c. Let s(w) be the second derivative of t(w). What is s(i)?
-8
Let b(w) be the second derivative of -w**3/3 + 9*w**2/2 + w. Let s(p) = -p**3 - 8*p**2 - 3*p - 18. Let o be s(-8). Give b(o).
-3
Let c(p) be the third derivative of -p**6/120 + p**5/60 + p**4/24 + 5*p**3/3 + 11*p**2. Calculate c(0).
10
Let u be 5/(-20)*(-16)/4. Let t(m) = -4*m - 1. Give t(u).
-5
Let g(h) = h**2 + 4*h + 4. Suppose -35 = 11*q + 31. Give g(q).
16
Let g(a) be the first derivative of a**3/3 + 7*a**2/2 + 3*a - 6. Determine g(-5).
-7
Suppose 2*n + 5*f + 2 = -16, -3*n = -f + 10. Let v(g) = g**3 + 3*g**2 - 4*g - 3. Give v(n).
-3
Let b be (-4)/(1 + -2) - 1. Let y(t) = t**2 - b*t + 3 - 2 + 3*t - 4*t. Determine y(4).
1
Let b = 4 - 7. Let s(g) = 0*g - g**2 - 4*g + 2*g + 0*g**2 + 2. Calculate s(b).
-1
Suppose 0 = 2*i + 2*i - 32. Let s = -5 + i. Let g(f) = -7 - 2*f**2 + s + f**3 + 5 + 2*f. Calculate g(2).
5
Suppose -3*a - 5 = -2*a. Let w = a + 9. Let t(h) = h - 1. Give t(w).
3
Suppose i - 4*x = 9, -2*x - 36 = -4*i + x. Suppose -3*t + i = -0*t. Let c(d) = -t*d - 2 + 8 + 2*d. Calculate c(5).
1
Let m(p) = p**3 + p**2 - p + 7. Let w = 10 - 16. Let u = w + 9. Suppose 0 = u*g + 2*g. What is m(g)?
7
Suppose 2*c - 4*x = -24, 0*x - 4*x = -16. Let m = c + 9. Let a(v) = v**3 - 4*v**2 - 7*v + 6. Give a(m).
-4
Let o(l) = -l + 1. Let w(f) be the third derivative of f**4/6 + 2*f**3/3 + 5*f**2. Let d(i) = 3*o(i) - w(i). Calculate d(1).
-8
Let j(o) be the third derivative of o**4/12 - o**3/2 - 31*o**2. Give j(3).
3
Let t(f) = 2 - 2 + 1 + 8*f**2. Calculate t(1).
9
Let j(r) = 3*r + 9. Let p(q) = 8*q + 26. Let i(c) = -11*j(c) + 4*p(c). Let f(s) = -2*s**3 - 4*s**2 - 3*s - 1. Let y be f(-2). Give i(y).
0
Let u(a) = 2*a + 1. Suppose -8*t + 9*t + q - 8 = 0, t = 3*q. Give u(t).
13
Let m = -4 - 1. Let v(t) = -3*t + 4*t + 8 + 0*t. Determine v(m).
3
Let a(u) = 2*u**2 - 4*u**2 + 2*u - 2 + u**2. Let t = 27 + -23. Determine a(t).
-10
Let l(z) = 2. Let i(y) = -33. Let v(c) = 2*i(c) + 30*l(c). Let m(a) = a - 7. Suppose 0*k + 10 = -5*k. Let u(r) = k*m(r) + 3*v(r). Calculate u(-4).
4
Suppose -3*x - 9 = -3*t + 3, -4*x + 2*t = 14. Let c(o) = -4*o + 2. Let w(j) = j - 10. Let z be w(5). Let k(l) = -1. Let f(m) = z*k(m) - c(m). Determine f(x).
-9
Suppose 4*l - x + 2*x + 9 = 0, -6 = -2*x. Let n(j) = -3*j + 0*j**3 - 5*j**2 + 0*j**3 - j**3. Calculate n(l).
-9
Let l(h) = -5*h + 32. Let m be l(6). Let b(u) = 14*u**2 + 14*u + 14. Let w(y) = -5*y**2 - 5*y - 5. Let z(s) = 6*b(s) + 17*w(s). What is z(m)?
-7
Let l(u) be the third derivative of -u**6/120 + u**5/12 - u**4/24 + 4*u**2. Calculate l(2).
10
Let g(m) be the second derivative of -m**5/20 - 3*m**4/4 - 3*m**3/2 + m**2 + 6*m. Calculate g(-8).
10
Let p(m) be the second derivative of m**4/12 - 7*m**3/6 + m**2/2 - 4*m. Let h(o) be the first derivative of p(o). Give h(5).
3
Let m(q) be the first derivative of 2*q - 1/3*q**3 + 5 + 1/2*q**2 + 1/4*q**4. What is m(0)?
2
Let a(k) = -8*k + 1. Suppose -8*i + 1 = -7*i. Calculate a(i).
-7
Let w(u) = -2*u + 7. Suppose -1 + 2 = d - 4*p, 3*p = d - 2. Give w(d).
-3
Suppose 4*y - 18 = -2*v, 0 = 4*v - 3*y + 15 + 4. Let j be 10*((-3)/6)/v. Let n(h) = -h**2 + 7*h - 6. Calculate n(j).
4
Suppose -5*o + 5*m - m = -9, -5*o - 5*m = 0. Let s be 3/o*1/3. Suppose -s = 3*c + 2. Let z(h) = 9*h**2 + 2*h + 1. What is z(c)?
8
Let s(t) = -2*t**2 + 2*t - 6. Let v(i) = 2*i**2 - 2*i + 7. Let w(k) = 6*s(k) + 5*v(k). What is w(2)?
-5
Let m(f) = f**3 + f. Let c(x) = -x**3 - x**2 - x - 1. Let t = 8 - 5. Let a(z) = t*m(z) + 4*c(z). Determine a(-4).
0
Let j(h) = -8*h. Suppose i + i - 2 = -g, -4*i + 4*g = 8. Suppose i = -2*f - 0 - 2. Give j(f).
8
Suppose -q = 4*h + 24, 0 = -2*h + 4*q - 3*q - 18. Let k(y) = -y**3 - 8*y**2 - 7*y. Determine k(h).
0
Let v = -12 - -8. Let p(h) = -3*h + 2. Let t(n) = n. Let a(i) = p(i) + 4*t(i). Determine a(v).
-2
Let t(r) = r + 5. Let x be t(-3). Let f(b) = -x*b + 1 + 0*b - 3*b. Determine f(-1).
6
Let b(l) be the third derivative of -l**5/60 - l**4/4 + l**3/6 - l**2. Let r be 6/15 - 64/10. Give b(r).
1
Let q(p) = p**2 - p + 6. Let z be ((-2)/(-3))/(2/3). Let y(g) = -2*g**3 - g**2 + g - 1. Let t be y(z). Let h = t - -3. Determine q(h).
6
Let u(h) = -h**2 + h + 1. Let f(n) = 3*n**2 - 2*n - 1. Let y(s) = -f(s) - 2*u(s). Suppose -2*p -